er when 773 is divided by 6?
5
Calculate the remainder when 474 is divided by 53.
50
What is the remainder when 1205 is divided by 240?
5
Calculate the remainder when 13913 is divided by 71.
68
What is the remainder when 44 is divided by 9?
8
Calculate the remainder when 6022 is divided by 1001.
16
What is the remainder when 116 is divided by 22?
6
Calculate the remainder when 518 is divided by 68.
42
What is the remainder when 291 is divided by 103?
85
What is the remainder when 3707 is divided by 53?
50
Calculate the remainder when 136 is divided by 54.
28
Calculate the remainder when 421 is divided by 85.
81
What is the remainder when 957 is divided by 30?
27
What is the remainder when 418 is divided by 109?
91
What is the remainder when 132 is divided by 9?
6
What is the remainder when 28 is divided by 19?
9
What is the remainder when 40 is divided by 5?
0
Calculate the remainder when 47 is divided by 7.
5
Calculate the remainder when 197 is divided by 22.
21
What is the remainder when 922 is divided by 11?
9
What is the remainder when 131 is divided by 45?
41
Calculate the remainder when 500 is divided by 50.
0
Calculate the remainder when 463 is divided by 82.
53
Calculate the remainder when 2692 is divided by 11.
8
What is the remainder when 450 is divided by 412?
38
What is the remainder when 245 is divided by 115?
15
Calculate the remainder when 786 is divided by 48.
18
What is the remainder when 295 is divided by 24?
7
Calculate the remainder when 454 is divided by 35.
34
What is the remainder when 247 is divided by 131?
116
Calculate the remainder when 924 is divided by 52.
40
What is the remainder when 459 is divided by 117?
108
Calculate the remainder when 3555 is divided by 115.
105
What is the remainder when 62 is divided by 40?
22
What is the remainder when 1336 is divided by 13?
10
Calculate the remainder when 340 is divided by 31.
30
What is the remainder when 2733 is divided by 682?
5
Calculate the remainder when 795 is divided by 281.
233
Calculate the remainder when 22 is divided by 12.
10
What is the remainder when 128 is divided by 35?
23
Calculate the remainder when 108 is divided by 46.
16
What is the remainder when 158 is divided by 59?
40
Calculate the remainder when 1396 is divided by 286.
252
Calculate the remainder when 615 is divided by 201.
12
What is the remainder when 6168 is divided by 11?
8
What is the remainder when 928 is divided by 31?
29
Calculate the remainder when 438 is divided by 17.
13
What is the remainder when 687 is divided by 61?
16
Calculate the remainder when 652 is divided by 115.
77
What is the remainder when 460 is divided by 127?
79
What is the remainder when 174 is divided by 50?
24
What is the remainder when 833 is divided by 42?
35
What is the remainder when 6251 is divided by 53?
50
What is the remainder when 79 is divided by 40?
39
Calculate the remainder when 321 is divided by 65.
61
Calculate the remainder when 45 is divided by 30.
15
Calculate the remainder when 34946 is divided by 33.
32
What is the remainder when 196 is divided by 191?
5
Calculate the remainder when 61 is divided by 25.
11
What is the remainder when 375 is divided by 32?
23
What is the remainder when 542 is divided by 78?
74
Calculate the remainder when 201 is divided by 114.
87
What is the remainder when 510 is divided by 89?
65
What is the remainder when 14 is divided by 4?
2
Calculate the remainder when 1728 is divided by 248.
240
Calculate the remainder when 294 is divided by 59.
58
What is the remainder when 66 is divided by 50?
16
Calculate the remainder when 1283 is divided by 13.
9
Calculate the remainder when 2808 is divided by 10.
8
Calculate the remainder when 2018 is divided by 1.
0
Calculate the remainder when 311 is divided by 147.
17
Calculate the remainder when 2091 is divided by 205.
41
Calculate the remainder when 43 is divided by 11.
10
Calculate the remainder when 2621 is divided by 82.
79
What is the remainder when 3664 is divided by 19?
16
Calculate the remainder when 86 is divided by 15.
11
Calculate the remainder when 13069 is divided by 17.
13
Calculate the remainder when 2071 is divided by 56.
55
Calculate the remainder when 1995 is divided by 28.
7
What is the remainder when 30 is divided by 13?
4
Calculate the remainder when 2558 is divided by 102.
8
Calculate the remainder when 1606 is divided by 32.
6
Calculate the remainder when 25037 is divided by 117.
116
Calculate the remainder when 627 is divided by 9.
6
Calculate the remainder when 106 is divided by 16.
10
What is the remainder when 6466 is divided by 3231?
4
What is the remainder when 232 is divided by 30?
22
What is the remainder when 31 is divided by 29?
2
Calculate the remainder when 2663 is divided by 24.
23
Calculate the remainder when 9666 is divided by 17.
10
Calculate the remainder when 283 is divided by 95.
93
What is the remainder when 1350 is divided by 33?
30
Calculate the remainder when 184 is divided by 53.
25
Calculate the remainder when 520 is divided by 153.
61
What is the remainder when 153 is divided by 53?
47
What is the remainder when 3696 is divided by 86?
84
What is the remainder when 501 is divided by 84?
81
Calculate the remainder when 653 is divided by 221.
211
Calculate the remainder when 6478 is divided by 20.
18
Calculate the remainder when 51 is divided by 13.
12
What is the remainder when 533 is divided by 166?
35
Calculate the remainder when 90 is divided by 57.
33
Calculate the remainder when 316 is divided by 6.
4
What is the remainder when 106 is divided by 33?
7
What is the remainder when 3885 is divided by 36?
33
Calculate the remainder when 166 is divided by 28.
26
Calculate the remainder when 203 is divided by 94.
15
Calculate the remainder when 686 is divided by 43.
41
Calculate the remainder when 673 is divided by 29.
6
Calculate the remainder when 419 is divided by 92.
51
What is the remainder when 34935 is divided by 22?
21
Calculate the remainder when 1526 is divided by 17.
13
What is the remainder when 460 is divided by 82?
50
Calculate the remainder when 78 is divided by 3.
0
Calculate the remainder when 147 is divided by 29.
2
What is the remainder when 1972 is divided by 79?
76
Calculate the remainder when 136 is divided by 50.
36
Calculate the remainder when 256 is divided by 231.
25
Calculate the remainder when 1280 is divided by 21.
20
Calculate the remainder when 1053 is divided by 22.
19
What is the remainder when 2822 is divided by 86?
70
Calculate the remainder when 294 is divided by 150.
144
What is the remainder when 54 is divided by 5?
4
What is the remainder when 810 is divided by 68?
62
What is the remainder when 922 is divided by 37?
34
Calculate the remainder when 70 is divided by 3.
1
Calculate the remainder when 89 is divided by 4.
1
What is the remainder when 104 is divided by 60?
44
Calculate the remainder when 148 is divided by 23.
10
What is the remainder when 44 is divided by 4?
0
What is the remainder when 128 is divided by 8?
0
Calculate the remainder when 1217 is divided by 5.
2
Calculate the remainder when 1037 is divided by 3.
2
Calculate the remainder when 77 is divided by 62.
15
What is the remainder when 883 is divided by 883?
0
Calculate the remainder when 1410 is divided by 181.
143
What is the remainder when 518 is divided by 501?
17
Calculate the remainder when 55 is divided by 6.
1
Calculate the remainder when 983 is divided by 82.
81
Calculate the remainder when 717 is divided by 103.
99
Calculate the remainder when 536 is divided by 49.
46
What is the remainder when 1492 is divided by 22?
18
Calculate the remainder when 859 is divided by 36.
31
What is the remainder when 1132 is divided by 42?
40
What is the remainder when 972 is divided by 61?
57
Calculate the remainder when 16148 is divided by 31.
28
What is the remainder when 281 is divided by 36?
29
What is the remainder when 1083 is divided by 495?
93
What is the remainder when 9071 is divided by 25?
21
Calculate the remainder when 3644 is divided by 242.
14
Calculate the remainder when 288 is divided by 21.
15
What is the remainder when 1416 is divided by 49?
44
What is the remainder when 197 is divided by 45?
17
Calculate the remainder when 918 is divided by 322.
274
Calculate the r